 5, 30347
What are the prime factors of 332317?
332317
List the prime factors of 11156.
2, 2789
List the prime factors of 6929739.
3, 23, 11159
List the prime factors of 399434.
2, 7, 103, 277
What are the prime factors of 12291500?
2, 5, 13, 31, 61
List the prime factors of 17418961.
7, 83, 4283
What are the prime factors of 66967?
167, 401
List the prime factors of 4856723.
19, 255617
List the prime factors of 21989026.
2, 37, 163, 1823
List the prime factors of 245701.
17, 97, 149
What are the prime factors of 26313?
3, 7, 179
What are the prime factors of 12412183?
7, 31, 47, 1217
List the prime factors of 209654.
2, 104827
List the prime factors of 418322.
2, 37, 5653
List the prime factors of 870873.
3, 107, 2713
What are the prime factors of 11321473?
17, 19, 35051
List the prime factors of 546011.
61, 8951
What are the prime factors of 1122572?
2, 11, 31, 823
What are the prime factors of 1001482?
2, 500741
List the prime factors of 1925350.
2, 5, 7, 5501
What are the prime factors of 4548797?
11, 413527
List the prime factors of 1587526.
2, 19, 41777
What are the prime factors of 24024760?
2, 5, 29, 139, 149
What are the prime factors of 1216472?
2, 73, 2083
List the prime factors of 7608647.
1153, 6599
What are the prime factors of 687940?
2, 5, 11, 53, 59
What are the prime factors of 333072?
2, 3, 257
List the prime factors of 18486782.
2, 61, 151531
List the prime factors of 80826.
2, 3, 19, 709
What are the prime factors of 6151396?
2, 23, 66863
List the prime factors of 139997.
11, 13, 89
What are the prime factors of 929930?
2, 5, 92993
What are the prime factors of 694454?
2, 347227
List the prime factors of 575525.
5, 23021
List the prime factors of 3615582.
2, 3, 602597
What are the prime factors of 1289884?
2, 67, 4813
List the prime factors of 23400484.
2, 5850121
List the prime factors of 4617005.
5, 257, 3593
List the prime factors of 1586261.
673, 2357
What are the prime factors of 57277?
11, 41, 127
What are the prime factors of 116700?
2, 3, 5, 389
List the prime factors of 204400.
2, 5, 7, 73
List the prime factors of 2397425.
5, 17, 5641
List the prime factors of 742429.
29, 25601
List the prime factors of 5931359.
7, 37, 22901
What are the prime factors of 722695?
5, 144539
List the prime factors of 218252.
2, 54563
List the prime factors of 7856423.
31, 253433
What are the prime factors of 69227?
37, 1871
What are the prime factors of 588863?
11, 17, 47, 67
List the prime factors of 2997245.
5, 23, 67, 389
List the prime factors of 24330684.
2, 3, 7, 163, 1777
What are the prime factors of 14420861?
7, 13, 37, 4283
List the prime factors of 54319.
54319
What are the prime factors of 455554?
2, 11, 20707
List the prime factors of 383750.
2, 5, 307
List the prime factors of 35928209.
35928209
What are the prime factors of 20701?
127, 163
What are the prime factors of 162454?
2, 43, 1889
What are the prime factors of 644185?
5, 128837
List the prime factors of 4175987.
1637, 2551
What are the prime factors of 1902194?
2, 7, 83, 1637
What are the prime factors of 213471?
3, 23719
List the prime factors of 124162.
2, 62081
List the prime factors of 3469549.
3469549
What are the prime factors of 30985850?
2, 5, 7, 223, 397
List the prime factors of 591039.
3, 17, 3863
List the prime factors of 1181097.
3, 19, 6907
What are the prime factors of 5381042?
2, 31, 229, 379
What are the prime factors of 2630429?
2630429
What are the prime factors of 37284245?
5, 2017, 3697
What are the prime factors of 21188138?
2, 197, 53777
What are the prime factors of 1798497?
3, 59, 1129
What are the prime factors of 1546905?
3, 5, 281, 367
List the prime factors of 922004.
2, 230501
List the prime factors of 87963.
3, 109, 269
List the prime factors of 632488.
2, 173, 457
What are the prime factors of 700238?
2, 7, 11, 4547
What are the prime factors of 50385?
3, 5, 3359
What are the prime factors of 574155?
3, 5, 4253
What are the prime factors of 16283519?
7, 41, 56737
List the prime factors of 14239.
29, 491
What are the prime factors of 1175179?
31, 167, 227
What are the prime factors of 2354989?
7, 13, 3697
What are the prime factors of 662822?
2, 181, 1831
What are the prime factors of 1204933?
61, 19753
List the prime factors of 50943.
3, 16981
What are the prime factors of 1313677?
1313677
List the prime factors of 1656498.
2, 3, 276083
List the prime factors of 16548993.
3, 353, 5209
What are the prime factors of 166804?
2, 11, 17, 223
List the prime factors of 12708943.
13, 977611
List the prime factors of 204420.
2, 3, 5, 3407
What are the prime factors of 2528404?
2, 632101
List the prime factors of 8738425.
5, 17, 29, 709
List the prime factors of 11998929.
3, 71, 56333
What are the prime factors of 8178378?
2, 3, 13, 104851
List the prime factors of 720839.
7, 47, 313
What are the prime factors of 1368667?
37, 71, 521
What are the prime factors of 86838?
2, 3, 41, 353
List the prime factors of 7352793.
3, 7, 16673
What are the prime factors of 12948715?
5, 13, 199211
What are the prime factors of 125037?
3, 11, 421
List the prime factors of 4635761.
13, 191, 1867
List the prime factors of 2639434.
2, 7, 23, 1171
List the prime factors of 27314149.
1619, 16871
List the prime factors of 5576261.
5576261
What are the prime factors of 262596?
2, 3, 79, 277
What are the prime factors of 23574049?
23574049
List the prime factors of 655434.
2, 3, 13, 2801
What are the prime factors of 837427?
193, 4339
List the prime factors of 3545521.
7, 691, 733
What are the prime factors of 5044589?
11, 458599
List the prime factors of 1417106.
2, 233, 3041
List the prime factors of 1972534.
2, 986267
What are the prime factors of 1773501?
3, 139, 4253
List the prime factors of 132141.
3, 17, 2591
List the prime factors of 180192.
2, 3, 1877
List the prime factors of 678147.
3, 17, 13297
What are the prime factors of 8285806?
2, 4142903
List the prime factors of 219118.
2, 89, 1231
What are the prime factors of 5339500?
2, 5, 59, 181
List the prime factors of 107772.
2, 3, 7, 1283
List the prime factors of 5412269.
5412269
What are the prime factors of 325272?
2, 3, 13553
What are the prime factors of 1487905?
5, 297581
List the prime factors of 354290.
2, 5, 71, 499
List the prime factors of 316504.
2, 39563
List the prime factors of 200160.
2, 3, 5, 139
What are the prime factors of 16679786?
2, 43, 193951
List the prime factors of 45607.
59, 773
List the prime factors of 948290.
2, 5, 7, 19, 23, 31
What are the prime factors of 17527926?
2, 3, 13, 224717
List the prime factors of 523635.
3, 5, 7, 4987
What are the prime factors of 37391145?
3, 5, 11, 19, 11927
What are the prime factors of 5335406?
2, 83, 32141
List the prime factors of 2318653.
23, 100811
What are the prime factors of 2686480?
2, 5, 33581
What are the prime factors of 38923?
38923
List the prime factors of 413293.
413293
What are the prime factors of 2636806?
2, 317, 4159
List the prime factors of 236874.
2, 3, 11, 37, 97
What are the prime factors of 631013?
631013
List the prime factors of 2531029.
1481, 1709
List the prime factors of 1013640.
2, 3, 5, 8447
What are the prime factors of 1293815?
5, 258763
List the prime factors of 737981.
737981
List the prime factors of 8453894.
2, 1801, 2347
What are the prime factors of 26788649?
229, 116981
List the prime factors of 476687.
31, 15377
What are the prime factors of 864687?
3, 43, 6703
What are the prime factors of 717455?
5, 43, 47, 71
What are the prime factors of 2200435?
5, 440087
What are the prime factors of 777241?
777241
What are the prime factors of 17381360?
2, 5, 167, 1301
List the prime factors of 7834777.
229, 34213
What are the prime factors of 3162896?
2, 11, 17971
List the prime factors of 4168557.
3, 61, 2531
List the prime factors of 555165.
3, 5, 13, 73
List the prime factors of 9708438.
2, 3, 23, 70351
List the prime factors of 21757395.
3, 5, 11, 29, 4547
What are the prime factors of 1158664?
2, 13, 857
List the prime factors of 4514357.
4514357
What are the prime factors of 4737575?
5, 31, 6113
What are the prime factors of 15985802?
2, 7, 19, 3163
List the prime factors of 13751217.
3, 23, 66431
List the prime factors of 337400.
2, 5, 7, 241
List the prime factors of 1639134.
2, 3, 7, 13009